{"id":5223,"date":"2024-01-25T18:57:49","date_gmt":"2024-01-25T17:57:49","guid":{"rendered":"https:\/\/www.muriellebelin.fr\/?page_id=5223"},"modified":"2025-05-21T17:30:12","modified_gmt":"2025-05-21T15:30:12","slug":"curriculum-vitae-2","status":"publish","type":"page","link":"https:\/\/www.muriellebelin.fr\/index.php\/curriculum-vitae-2\/","title":{"rendered":"Curriculum Vitae"},"content":{"rendered":"<section class=\"wpb-content-wrapper\"><p>[vc_row content_text_aligment=\u00a0\u00bb\u00a0\u00bb use_row_as_full_screen_section=\u00a0\u00bbno\u00a0\u00bb][vc_column][vc_empty_space][vc_separator color=\u00a0\u00bbblack\u00a0\u00bb align=\u00a0\u00bbalign_left\u00a0\u00bb el_width=\u00a0\u00bb30&Prime; css_animation=\u00a0\u00bbslideInLeft\u00a0\u00bb][vc_column_text]EXPOSITIONS (SELECTION)[\/vc_column_text][vc_empty_space][vc_empty_space][vc_text_separator title=\u00a0\u00bbExpositions collectives\u00a0\u00bb title_align=\u00a0\u00bbseparator_align_left\u00a0\u00bb align=\u00a0\u00bbalign_left\u00a0\u00bb color=\u00a0\u00bbblack\u00a0\u00bb el_width=\u00a0\u00bb60&Prime; css_animation=\u00a0\u00bbright-to-left\u00a0\u00bb][vc_column_text]<\/p>\n<h5>2025 :<\/h5>\n<ul>\n<li style=\"list-style-type: none;\">\n<ul>\n<li>\u00ab\u00a0Oiseaux de nuit\u00a0\u00bb, Mus\u00e9e d&rsquo;Yverdon et R\u00e9gion (Yverdon-les-Bains-CH)<\/li>\n<\/ul>\n<\/li>\n<\/ul>\n<h5>2024-2025 :<\/h5>\n<ul>\n<li style=\"list-style-type: none;\">\n<ul>\n<li>\u00ab\u00a0Mutantes\u00a0\u00bb, Centro de Arte Oliva (S\u00e3o Jo\u00e3o da Madeira-P)<\/li>\n<\/ul>\n<\/li>\n<\/ul>\n<h5><strong>2023<\/strong> :<\/h5>\n<ul>\n<li style=\"list-style-type: none;\">\n<ul>\n<li>Immortelle, vitalit\u00e9 de la jeune peinture figurative fran\u00e7aise, MO.CO. (Montpellier-F) ;<\/li>\n<li>Chaque nuit j\u2019entre dans le creux des troncs et j\u2019\u00e9coute, Galerie C (Neufch\u00e2tel-CH)<\/li>\n<\/ul>\n<\/li>\n<\/ul>\n<h5><strong>2022<\/strong> :<\/h5>\n<ul>\n<li style=\"list-style-type: none;\">\n<ul>\n<li>Mauvais genre ou la beaut\u00e9 convulsive, Centre d\u2019art contemporain du Parvis (Tarbes-F) ;<\/li>\n<li>Hey\u00a0! Le dessin, Mus\u00e9e de la Halle-Saint-Pierre (Paris-F)<\/li>\n<\/ul>\n<\/li>\n<\/ul>\n<h5><strong>2021<\/strong> :<\/h5>\n<ul>\n<li style=\"list-style-type: none;\">\n<ul>\n<li>TOT, galerie C (Neufch\u00e2tel-CH)<\/li>\n<\/ul>\n<\/li>\n<\/ul>\n<h5><strong>2020<\/strong> :<\/h5>\n<ul>\n<li style=\"list-style-type: none;\">\n<ul>\n<li>Ogres et croque-mitaines, Mus\u00e9e des Arts Na\u00effs et des Arts Singuliers (Laval-F)<\/li>\n<\/ul>\n<\/li>\n<\/ul>\n<h5><strong>2018<\/strong> :<\/h5>\n<ul>\n<li style=\"list-style-type: none;\">\n<ul>\n<li>Hey ! L\u2019outsider pop fran\u00e7ais, Espace Culturel F. Mitterrand (P\u00e9rigueux-F)<\/li>\n<\/ul>\n<\/li>\n<\/ul>\n<h5><strong>2017 <\/strong>:<\/h5>\n<ul>\n<li style=\"list-style-type: none;\">\n<ul>\n<li>Mauvais genres, Fondation Agn\u00e8s B. (Paris-F) ;<\/li>\n<li>Hey! Gallery Show #1, Galerie Art Fact. (Paris-F)<\/li>\n<\/ul>\n<\/li>\n<\/ul>\n<h5><strong>2016<\/strong> :<\/h5>\n<ul>\n<li style=\"list-style-type: none;\">\n<ul>\n<li>Esprit singulier, Mus\u00e9e de la Halle-Saint-Pierre (Paris-F) ;<\/li>\n<li>Dessins Outsiders, Espace Eqart \u00e0 \u00ab le Lieu 37 \u00bb (Paris-F) ;<\/li>\n<li>The beautiful grotesque , Sangre de Cristo Arts and Conference Center (Pueblo, Colorado-USA) ;<\/li>\n<li>Chimera, Institut fran\u00e7ais de Rome, Nero gallery (Rome-I)<\/li>\n<\/ul>\n<\/li>\n<\/ul>\n<h5><strong>2015 :<\/strong><\/h5>\n<ul>\n<li style=\"list-style-type: none;\">\n<ul>\n<li>Heaven and hell, galerie Toxic (Luxembourg-L)<\/li>\n<\/ul>\n<\/li>\n<\/ul>\n<h5><strong>2014<\/strong> :<\/h5>\n<ul>\n<li style=\"list-style-type: none;\">\n<ul>\n<li>La vengeance de Mathilde, galerie C (Neufch\u00e2tel-CH) ;<\/li>\n<li>Last Rites, collective show, Last Rites gallery (New-York City-USA)<\/li>\n<\/ul>\n<\/li>\n<\/ul>\n<h5><strong>2013<\/strong> :<\/h5>\n<ul>\n<li style=\"list-style-type: none;\">\n<ul>\n<li>Renaissance, galerie Bora Baden (Nancy-F) ;<\/li>\n<li>Galerie du Bas, Mus\u00e9e de la Halle Saint-Pierre (Paris-F) ;<\/li>\n<li>Je ne voudrais pas de \u00e7a chez moi ! galerie la Louve &#8211; Centre Culturel (Arlon-B)<\/li>\n<\/ul>\n<\/li>\n<\/ul>\n<h5><strong>2012 <\/strong>:<\/h5>\n<ul>\n<li style=\"list-style-type: none;\">\n<ul>\n<li>Taboo, Last Rites Gallery (New-York-USA) ;<\/li>\n<li>Anomalies, CoproGallery (Santa Monica-USA) ;<\/li>\n<li>Escargots \u00e0 Gogo, le Daily-Bul (la Louvi\u00e8re-B) ;<\/li>\n<li>Instinct\u2019Art, Abbaye d\u2019Auberive (Auberive-F)<\/li>\n<\/ul>\n<\/li>\n<\/ul>\n<h5><strong>2011<\/strong> :<\/h5>\n<ul>\n<li style=\"list-style-type: none;\">\n<ul>\n<li>Hey ! Modern Art &amp; Pop Culture, Mus\u00e9e de la Halle Saint Pierre (Paris-F) ;<\/li>\n<li>Ubu sous la dalle 10\u00e8me Ann. de l\u2019occultation d\u2019Andr\u00e9 Blavier, Arch\u00e9oforum (Li\u00e8ge-B) ;<\/li>\n<li>M\u00e9tamorphose en bord de ciel, galerie L\u2019Art de rien (Paris-F) ;<\/li>\n<li>Art.Metz, galerie La Louve (Metz-F)<\/li>\n<\/ul>\n<\/li>\n<\/ul>\n<h5><strong>2009 <\/strong>:<\/h5>\n<ul>\n<li style=\"list-style-type: none;\">\n<ul>\n<li>Les R\u00e9calcitrants, galerie Richard Nicolet (Oppede-F) ;<\/li>\n<li>Animalia, Mus\u00e9e Barrois (Bar-le-Duc-F)<\/li>\n<\/ul>\n<\/li>\n<\/ul>\n<p>[\/vc_column_text][vc_empty_space][vc_text_separator title=\u00a0\u00bbExpositions personnelles\u00a0\u00bb title_align=\u00a0\u00bbseparator_align_left\u00a0\u00bb align=\u00a0\u00bbalign_left\u00a0\u00bb color=\u00a0\u00bbblack\u00a0\u00bb el_width=\u00a0\u00bb60&Prime; css_animation=\u00a0\u00bbright-to-left\u00a0\u00bb][vc_column_text]<\/p>\n<h5>2024 :<\/h5>\n<ul>\n<li style=\"list-style-type: none;\">\n<ul>\n<li>Promenades, la Dou\u00ebra (Malz\u00e9ville-F)<\/li>\n<\/ul>\n<\/li>\n<\/ul>\n<h5><strong>2019<\/strong> :<\/h5>\n<ul>\n<li style=\"list-style-type: none;\">\n<ul>\n<li>Paysages volatiles, Galerie Z (Nancy-F)<\/li>\n<\/ul>\n<\/li>\n<\/ul>\n<h5><strong>2015<\/strong> :<\/h5>\n<ul>\n<li style=\"list-style-type: none;\">\n<ul>\n<li>Morceaux choisis, Galerie Grand\u2019rue, (Poitiers-F)<\/li>\n<li>Le chant des dentelles, Galerie Antonine Catz\u00e9flis, (Paris-F)<\/li>\n<\/ul>\n<\/li>\n<\/ul>\n<h5><strong>2012<\/strong> :<\/h5>\n<ul>\n<li style=\"list-style-type: none;\">\n<ul>\n<li>Louise Agn\u00e8s et les autres, galerie B\u00e9atrice Souli\u00e9 (Paris-F)<\/li>\n<\/ul>\n<\/li>\n<\/ul>\n<h5><strong>2010<\/strong> :<\/h5>\n<ul>\n<li style=\"list-style-type: none;\">\n<ul>\n<li>Galerie La Louve (Louft\u00e9mont-B)<\/li>\n<\/ul>\n<\/li>\n<\/ul>\n<h5><strong>2009<\/strong> :<\/h5>\n<ul>\n<li style=\"list-style-type: none;\">\n<ul>\n<li>\u0152uvres r\u00e9centes, galerie B\u00e9atrice Souli\u00e9 (Paris-F) ;<\/li>\n<li>Homme femme, galerie Ovadia (Nancy-F)<\/li>\n<\/ul>\n<\/li>\n<\/ul>\n<p>[\/vc_column_text][vc_empty_space][vc_text_separator title=\u00a0\u00bbCollections publiques\u00a0\u00bb title_align=\u00a0\u00bbseparator_align_left\u00a0\u00bb align=\u00a0\u00bbalign_left\u00a0\u00bb color=\u00a0\u00bbblack\u00a0\u00bb el_width=\u00a0\u00bb60&Prime; css_animation=\u00a0\u00bbright-to-left\u00a0\u00bb][vc_column_text]<\/p>\n<ul>\n<li>Abbaye d\u2019Auberive, France (52),<\/li>\n<li>Collection Treger-Saint-Silvestre (S. Jo\u00e3o da Madeira &#8211; Portugal)<\/li>\n<\/ul>\n<p>[\/vc_column_text][vc_empty_space][\/vc_column][\/vc_row]<\/p>\n<\/section>","protected":false},"excerpt":{"rendered":"<p>[vc_row content_text_aligment=\u00a0\u00bb\u00a0\u00bb use_row_as_full_screen_section=\u00a0\u00bbno\u00a0\u00bb][vc_column][vc_empty_space][vc_separator color=\u00a0\u00bbblack\u00a0\u00bb align=\u00a0\u00bbalign_left\u00a0\u00bb el_width=\u00a0\u00bb30&Prime; css_animation=\u00a0\u00bbslideInLeft\u00a0\u00bb][vc_column_text]EXPOSITIONS (SELECTION)[\/vc_column_text][vc_empty_space][vc_empty_space][vc_text_separator title=\u00a0\u00bbExpositions collectives\u00a0\u00bb title_align=\u00a0\u00bbseparator_align_left\u00a0\u00bb align=\u00a0\u00bbalign_left\u00a0\u00bb color=\u00a0\u00bbblack\u00a0\u00bb el_width=\u00a0\u00bb60&Prime; css_animation=\u00a0\u00bbright-to-left\u00a0\u00bb][vc_column_text] 2025 : \u00ab\u00a0Oiseaux de nuit\u00a0\u00bb, Mus\u00e9e d&rsquo;Yverdon et R\u00e9gion (Yverdon-les-Bains-CH) 2024-2025 : \u00ab\u00a0Mutantes\u00a0\u00bb, Centro de Arte Oliva (S\u00e3o Jo\u00e3o da Madeira-P) 2023 : Immortelle, vitalit\u00e9 de la jeune peinture figurative [&hellip;]<\/p>\n","protected":false},"author":1,"featured_media":0,"parent":0,"menu_order":0,"comment_status":"closed","ping_status":"closed","template":"","meta":{"footnotes":"","_links_to":"","_links_to_target":""},"class_list":["post-5223","page","type-page","status-publish","hentry"],"yoast_head":"<!-- This site is optimized with the Yoast SEO plugin v24.3 - https:\/\/yoast.com\/wordpress\/plugins\/seo\/ -->\n<title>Curriculum Vitae - Murielle Belin<\/title>\n<meta name=\"robots\" content=\"index, follow, max-snippet:-1, max-image-preview:large, max-video-preview:-1\" \/>\n<link rel=\"canonical\" href=\"https:\/\/www.muriellebelin.fr\/index.php\/curriculum-vitae-2\/\" \/>\n<meta property=\"og:locale\" content=\"fr_FR\" \/>\n<meta property=\"og:type\" content=\"article\" \/>\n<meta property=\"og:title\" content=\"Curriculum Vitae - Murielle Belin\" \/>\n<meta property=\"og:description\" content=\"[vc_row content_text_aligment=\u00a0\u00bb\u00a0\u00bb use_row_as_full_screen_section=\u00a0\u00bbno\u00a0\u00bb][vc_column][vc_empty_space][vc_separator color=\u00a0\u00bbblack\u00a0\u00bb align=\u00a0\u00bbalign_left\u00a0\u00bb el_width=\u00a0\u00bb30&Prime; css_animation=\u00a0\u00bbslideInLeft\u00a0\u00bb][vc_column_text]EXPOSITIONS (SELECTION)[\/vc_column_text][vc_empty_space][vc_empty_space][vc_text_separator title=\u00a0\u00bbExpositions collectives\u00a0\u00bb title_align=\u00a0\u00bbseparator_align_left\u00a0\u00bb align=\u00a0\u00bbalign_left\u00a0\u00bb color=\u00a0\u00bbblack\u00a0\u00bb el_width=\u00a0\u00bb60&Prime; css_animation=\u00a0\u00bbright-to-left\u00a0\u00bb][vc_column_text] 2025 : \u00ab\u00a0Oiseaux de nuit\u00a0\u00bb, Mus\u00e9e d&rsquo;Yverdon et R\u00e9gion (Yverdon-les-Bains-CH) 2024-2025 : \u00ab\u00a0Mutantes\u00a0\u00bb, Centro de Arte Oliva (S\u00e3o Jo\u00e3o da Madeira-P) 2023 : Immortelle, vitalit\u00e9 de la jeune peinture figurative [&hellip;]\" \/>\n<meta property=\"og:url\" content=\"https:\/\/www.muriellebelin.fr\/index.php\/curriculum-vitae-2\/\" \/>\n<meta property=\"og:site_name\" content=\"Murielle Belin\" \/>\n<meta property=\"article:modified_time\" content=\"2025-05-21T15:30:12+00:00\" \/>\n<meta name=\"twitter:card\" content=\"summary_large_image\" \/>\n<meta name=\"twitter:label1\" content=\"Dur\u00e9e de lecture estim\u00e9e\" \/>\n\t<meta name=\"twitter:data1\" content=\"2 minutes\" \/>\n<script type=\"application\/ld+json\" class=\"yoast-schema-graph\">{\"@context\":\"https:\/\/schema.org\",\"@graph\":[{\"@type\":\"WebPage\",\"@id\":\"https:\/\/www.muriellebelin.fr\/index.php\/curriculum-vitae-2\/\",\"url\":\"https:\/\/www.muriellebelin.fr\/index.php\/curriculum-vitae-2\/\",\"name\":\"Curriculum Vitae - Murielle Belin\",\"isPartOf\":{\"@id\":\"http:\/\/www.muriellebelin.fr\/#website\"},\"datePublished\":\"2024-01-25T17:57:49+00:00\",\"dateModified\":\"2025-05-21T15:30:12+00:00\",\"breadcrumb\":{\"@id\":\"https:\/\/www.muriellebelin.fr\/index.php\/curriculum-vitae-2\/#breadcrumb\"},\"inLanguage\":\"fr-FR\",\"potentialAction\":[{\"@type\":\"ReadAction\",\"target\":[\"https:\/\/www.muriellebelin.fr\/index.php\/curriculum-vitae-2\/\"]}]},{\"@type\":\"BreadcrumbList\",\"@id\":\"https:\/\/www.muriellebelin.fr\/index.php\/curriculum-vitae-2\/#breadcrumb\",\"itemListElement\":[{\"@type\":\"ListItem\",\"position\":1,\"name\":\"Accueil\",\"item\":\"http:\/\/www.muriellebelin.fr\/\"},{\"@type\":\"ListItem\",\"position\":2,\"name\":\"Curriculum Vitae\"}]},{\"@type\":\"WebSite\",\"@id\":\"http:\/\/www.muriellebelin.fr\/#website\",\"url\":\"http:\/\/www.muriellebelin.fr\/\",\"name\":\"Murielle Belin\",\"description\":\"\",\"potentialAction\":[{\"@type\":\"SearchAction\",\"target\":{\"@type\":\"EntryPoint\",\"urlTemplate\":\"http:\/\/www.muriellebelin.fr\/?s={search_term_string}\"},\"query-input\":{\"@type\":\"PropertyValueSpecification\",\"valueRequired\":true,\"valueName\":\"search_term_string\"}}],\"inLanguage\":\"fr-FR\"}]}<\/script>\n<!-- \/ Yoast SEO plugin. -->","yoast_head_json":{"title":"Curriculum Vitae - Murielle Belin","robots":{"index":"index","follow":"follow","max-snippet":"max-snippet:-1","max-image-preview":"max-image-preview:large","max-video-preview":"max-video-preview:-1"},"canonical":"https:\/\/www.muriellebelin.fr\/index.php\/curriculum-vitae-2\/","og_locale":"fr_FR","og_type":"article","og_title":"Curriculum Vitae - Murielle Belin","og_description":"[vc_row content_text_aligment=\u00a0\u00bb\u00a0\u00bb use_row_as_full_screen_section=\u00a0\u00bbno\u00a0\u00bb][vc_column][vc_empty_space][vc_separator color=\u00a0\u00bbblack\u00a0\u00bb align=\u00a0\u00bbalign_left\u00a0\u00bb el_width=\u00a0\u00bb30&Prime; css_animation=\u00a0\u00bbslideInLeft\u00a0\u00bb][vc_column_text]EXPOSITIONS (SELECTION)[\/vc_column_text][vc_empty_space][vc_empty_space][vc_text_separator title=\u00a0\u00bbExpositions collectives\u00a0\u00bb title_align=\u00a0\u00bbseparator_align_left\u00a0\u00bb align=\u00a0\u00bbalign_left\u00a0\u00bb color=\u00a0\u00bbblack\u00a0\u00bb el_width=\u00a0\u00bb60&Prime; css_animation=\u00a0\u00bbright-to-left\u00a0\u00bb][vc_column_text] 2025 : \u00ab\u00a0Oiseaux de nuit\u00a0\u00bb, Mus\u00e9e d&rsquo;Yverdon et R\u00e9gion (Yverdon-les-Bains-CH) 2024-2025 : \u00ab\u00a0Mutantes\u00a0\u00bb, Centro de Arte Oliva (S\u00e3o Jo\u00e3o da Madeira-P) 2023 : Immortelle, vitalit\u00e9 de la jeune peinture figurative [&hellip;]","og_url":"https:\/\/www.muriellebelin.fr\/index.php\/curriculum-vitae-2\/","og_site_name":"Murielle Belin","article_modified_time":"2025-05-21T15:30:12+00:00","twitter_card":"summary_large_image","twitter_misc":{"Dur\u00e9e de lecture estim\u00e9e":"2 minutes"},"schema":{"@context":"https:\/\/schema.org","@graph":[{"@type":"WebPage","@id":"https:\/\/www.muriellebelin.fr\/index.php\/curriculum-vitae-2\/","url":"https:\/\/www.muriellebelin.fr\/index.php\/curriculum-vitae-2\/","name":"Curriculum Vitae - Murielle Belin","isPartOf":{"@id":"http:\/\/www.muriellebelin.fr\/#website"},"datePublished":"2024-01-25T17:57:49+00:00","dateModified":"2025-05-21T15:30:12+00:00","breadcrumb":{"@id":"https:\/\/www.muriellebelin.fr\/index.php\/curriculum-vitae-2\/#breadcrumb"},"inLanguage":"fr-FR","potentialAction":[{"@type":"ReadAction","target":["https:\/\/www.muriellebelin.fr\/index.php\/curriculum-vitae-2\/"]}]},{"@type":"BreadcrumbList","@id":"https:\/\/www.muriellebelin.fr\/index.php\/curriculum-vitae-2\/#breadcrumb","itemListElement":[{"@type":"ListItem","position":1,"name":"Accueil","item":"http:\/\/www.muriellebelin.fr\/"},{"@type":"ListItem","position":2,"name":"Curriculum Vitae"}]},{"@type":"WebSite","@id":"http:\/\/www.muriellebelin.fr\/#website","url":"http:\/\/www.muriellebelin.fr\/","name":"Murielle Belin","description":"","potentialAction":[{"@type":"SearchAction","target":{"@type":"EntryPoint","urlTemplate":"http:\/\/www.muriellebelin.fr\/?s={search_term_string}"},"query-input":{"@type":"PropertyValueSpecification","valueRequired":true,"valueName":"search_term_string"}}],"inLanguage":"fr-FR"}]}},"_links":{"self":[{"href":"https:\/\/www.muriellebelin.fr\/index.php\/wp-json\/wp\/v2\/pages\/5223","targetHints":{"allow":["GET"]}}],"collection":[{"href":"https:\/\/www.muriellebelin.fr\/index.php\/wp-json\/wp\/v2\/pages"}],"about":[{"href":"https:\/\/www.muriellebelin.fr\/index.php\/wp-json\/wp\/v2\/types\/page"}],"author":[{"embeddable":true,"href":"https:\/\/www.muriellebelin.fr\/index.php\/wp-json\/wp\/v2\/users\/1"}],"replies":[{"embeddable":true,"href":"https:\/\/www.muriellebelin.fr\/index.php\/wp-json\/wp\/v2\/comments?post=5223"}],"version-history":[{"count":18,"href":"https:\/\/www.muriellebelin.fr\/index.php\/wp-json\/wp\/v2\/pages\/5223\/revisions"}],"predecessor-version":[{"id":6053,"href":"https:\/\/www.muriellebelin.fr\/index.php\/wp-json\/wp\/v2\/pages\/5223\/revisions\/6053"}],"wp:attachment":[{"href":"https:\/\/www.muriellebelin.fr\/index.php\/wp-json\/wp\/v2\/media?parent=5223"}],"curies":[{"name":"wp","href":"https:\/\/api.w.org\/{rel}","templated":true}]}}